25
What is 6 (base 12) in base 11?
6
Convert -10100 (base 2) to base 8.
-24
264 (base 12) to base 11
301
Convert 12 (base 13) to base 9.
16
Convert -2 (base 16) to base 12.
-2
What is 214 (base 6) in base 11?
75
98 (base 10) to base 16
62
0 (base 13) to base 5
0
What is 35 (base 13) in base 15?
2e
Convert -151 (base 10) to base 2.
-10010111
What is 20221 (base 3) in base 14?
d5
What is -3 (base 11) in base 12?
-3
Convert -87 (base 11) to base 6.
-235
-31 (base 5) to base 2
-10000
Convert 2 (base 16) to base 3.
2
10 (base 8) to base 6
12
What is -1012 (base 3) in base 12?
-28
Convert 73 (base 12) to base 10.
87
-2 (base 16) to base 7
-2
Convert a (base 14) to base 10.
10
What is 4 (base 14) in base 11?
4
Convert 11 (base 4) to base 6.
5
-16 (base 11) to base 8
-21
70 (base 14) to base 9
118
What is 133 (base 5) in base 13?
34
4 (base 5) to base 11
4
What is -21 (base 3) in base 2?
-111
Convert 3 (base 10) to base 16.
3
5 (base 9) to base 5
10
24 (base 11) to base 4
122
14 (base 16) to base 4
110
-101111 (base 2) to base 8
-57
Convert -102 (base 3) to base 2.
-1011
Convert -8 (base 14) to base 4.
-20
Convert 13 (base 9) to base 14.
c
Convert -42 (base 5) to base 4.
-112
What is 10 (base 2) in base 14?
2
What is 67 (base 10) in base 14?
4b
Convert 10 (base 7) to base 13.
7
Convert -135 (base 6) to base 8.
-73
What is -117 (base 13) in base 9?
-230
Convert 50 (base 8) to base 15.
2a
What is 121 (base 3) in base 4?
100
What is -226 (base 8) in base 6?
-410
Convert 1 (base 14) to base 9.
1
-1210 (base 3) to base 7
-66
Convert -12021 (base 3) to base 9.
-167
66 (base 7) to base 10
48
-1110100 (base 2) to base 6
-312
-133 (base 11) to base 9
-184
-39 (base 11) to base 10
-42
-1011000 (base 2) to base 4
-1120
-112 (base 8) to base 15
-4e
Convert -98 (base 12) to base 7.
-224
Convert -11 (base 10) to base 2.
-1011
1 (base 12) to base 15
1
4 (base 6) to base 11
4
11001001 (base 2) to base 4
3021
3a (base 12) to base 9
51
12 (base 14) to base 12
14
Convert -5 (base 6) to base 12.
-5
Convert -c (base 13) to base 12.
-10
What is -4 (base 11) in base 13?
-4
Convert 3 (base 8) to base 12.
3
Convert -22 (base 4) to base 15.
-a
What is 311 (base 4) in base 3?
1222
-16 (base 10) to base 15
-11
31 (base 7) to base 2
10110
-22 (base 7) to base 11
-15
5 (base 16) to base 14
5
-96 (base 14) to base 4
-2010
-13 (base 14) to base 5
-32
What is 2 (base 6) in base 10?
2
What is 0 (base 16) in base 2?
0
-11 (base 3) to base 8
-4
Convert 1 (base 3) to base 11.
1
Convert 2 (base 8) to base 14.
2
188 (base 11) to base 10
217
What is -2 (base 7) in base 9?
-2
What is -3 (base 16) in base 10?
-3
3 (base 6) to base 9
3
What is -6 (base 10) in base 7?
-6
Convert -37 (base 14) to base 8.
-61
-32 (base 13) to base 12
-35
Convert 6 (base 12) to base 14.
6
3 (base 8) to base 16
3
What is -5 (base 15) in base 4?
-11
53 (base 10) to base 15
38
13 (base 13) to base 7
22
-200 (base 4) to base 13
-26
Convert 5 (base 9) to base 3.
12
Convert -3 (base 14) to base 16.
-3
What is -45 (base 8) in base 13?
-2b
322 (base 10) to base 13
1ba
5 (base 11) to base 10
5
-3 (base 9) to base 7
-3
-24 (base 7) to base 16
-12
What is 34 (base 6) in base 15?
17
Convert a (base 15) to base 8.
12
-a8 (base 13) to base 6
-350
2111 (base 5) to base 11
236
What is -21 (base 4) in base 15?
-9
What is -32 (base 10) in base 4?
-200
Convert 3 (base 7) to base 6.
3
What is 3 (base 14) in base 4?
3
Convert 10 (base 2) to base 13.
2
What is -3 (base 13) in base 4?
-3
-14 (base 11) to base 10
-15
Convert -10000 (base 2) to base 11.
-15
-1101100 (base 2) to base 6
-300
Convert 14 (base 10) to base 15.
e
What is -101001 (base 3) in base 9?
-331
What is -2 (base 15) in base 10?
-2
Convert -90 (base 11) to base 10.
-99
Convert 1 (base 4) to base 13.
1
What is 13 (base 13) in base 7?
22
What is -1033 (base 4) in base 5?
-304
What is 110 (base 3) in base 15?
c
What is 101 (base 4) in base 2?
10001
What is 52 (base 11) in base 7?
111
What is 2 (base 14) in base 16?
2
What is 64 (base 9) in base 8?
72
Convert 1231 (base 4) to base 9.
131
-187 (base 11) to base 3
-22000
What is -3 (base 16) in base 4?
-3
Convert 3 (base 7) to base 12.
3
What is b (base 16) in base 11?
10
-3 (base 12) to base 14
-3
What is -52 (base 11) in base 16?
-39
What is 60 (base 16) in base 9?
116
-23 (base 5) to base 13
-10
Convert 0 (base 5) to base 6.
0
-1102 (base 4) to base 8
-122
What is -4 (base 13) in base 15?
-4
Convert -1 (base 10) to base 8.
-1
Convert -6 (base 15) to base 11.
-6
What is -49 (base 10) in base 2?
-110001
2 (base 9) to base 13
2
Convert 21 (base 11) to base 10.
23
2002 (base 5) to base 14
140
What is 7 (base 13) in base 3?
21
4 (base 8) to base 9
4
What is -2 (base 9) in base 3?
-2
What is -1100010 (base 2) in base 13?
-77
What is -16 (base 9) in base 12?
-13
44 (base 13) to base 7
110
Convert -6 (base 15) to base 6.
-10
What is -253 (base 6) in base 7?
-210
What is -11 (base 5) in base 14?
-6
-10 (base 6) to base 10
-6
What is 1c (base 13) in base 16?
19
0 (base 12) to base 6
0
12 (base 11) to base 7
16
Convert -1a (base 11) to base 7.
-30
Convert 2 (base 11) to base 8.
2
What is -364 (base 8) in base 10?
-244
-3 (base 4) to base 11
-3
-10 (base 9) to base 8
-11
Convert -20 (base 8) to base 10.
-16
Convert -14 (base 10) to base 7.
-20
20 (base 12) to base 8
30
What is 3 (base 9) in base 2?
11
What is 0 (base 11) in base 13?
0
What is -33 (base 9) in base 11?
-28
17 (base 14) to base 3
210
Convert 211 (base 3) to base 9.
24
Convert -75 (base 8) to base 7.
-115
0 (base 10) to base 4
0
Convert 305 (base 6) to base 7.
221
164 (base 9) to base 13
a9
0 (base 3) to base 11
0
-1110 (base 2) to base 6
-22
Convert -71 (base 9) to base 5.
-224
What is -1 (base 15) in base 11?
-1
What is -3 (base 5) in base 2?
-11
Convert -e (base 16) to base 6.
-22
What is 312 (base 7) in base 11?
132
What is -26 (base 12) in base 5?
-110
Convert -5 (base 7) to base 4.
-11
Convert 0 (base 4) to base 3.
0
Convert -35 (base 6) to base 12.
-1b
What is 2 (base 10) in base 4?
2
Convert -3 (base 15) to base 8.
-3
What is 1323 (base 4) in base 13?
96
What is -205 (base 9) in base 5?
-1132
3 (base 10) to base 6
3
10010001 (base 2) to base 3
12101
25 (base 6) to base 12
15
Convert 111 (base 3) to base 2.
1101
Convert -31 (base 7) to base 12.
-1a
Convert -21 (base 4) to base 9.
-10
24 (base 10) to base 3
220
Convert 0 (base 5) to base 4.
0
What is 3 (base 14) in base 11?
3
7 (base 15) to base 12
7
What is 1 (base 4) in base 11?
1
1005 (base 6) to base 16
dd
-10 (base 3) to base 15
-3
What is -122 (base 12) in base 4?
-2222
What is 110 (base 4) in base 13?
17
What is 1130 (base 5) in base 16?
a5
What is -20 (base 5) in base 9?
-11
11 (base 9) to base 13
a
Convert -3 (base 13) to base 14.
-3
What is 6 (base 13) in base 10?
6
2 (base 3) to base 15
2
What is -23 (base 16) in base 3?
-1022
Convert 111 (base 5) to base 8.
37
What is 633 (base 7) in base 16?
13e
11 (base 11) to base 7
15
What is -1 (base 7) in base 15?
-1
Convert 25 (base 9) to base 12.
1b
What is -10 (base 9) in base 10?
-9
153 (base 6) to base 7
126
Convert -2021 (base 3) to base 8.
-75
What is 0 (base 13) in base 11?
0
What is -201 (base 3) in base 2?
-10011
1101 (base 2) to base 6
21
Convert -3 (base 14) to base 10.
-3
What is -4 (base 16) in base 12?
-4
What is 110 (base 3) in base 8?
14
What is 111 (base 2) in base 12?
7
Convert -1 (base 12) to base 11.
-1
What is 6 (base 7) in base 13?
6
Convert 22 (base 3) to base 14.
8
Convert 18 (base 11) to base 13.
16
Convert -3 (base 16) to base 4.
-3
6 (base 14) to base 6
10
Convert 15 (base 11) to base 15.
11
Convert 2 (base 6) to base 10.
2
Convert -101 (base 2) to base 13.
-5
Convert 4a (base 11) to base 13.
42
What is c5 (base 13) in base 3?
12222
Convert 2 (base 8) to base 12.
2
-1a (base 12) to base 4
-112
236 (base 9) to base 2
11000011
What is -5 (base 16) in base 9?
-5
What is -c (base 15) in base 11?
-11
Convert 110 (base 13) to base 2.
10110110
What is dd (base 14) in base 16?
c3
What is -5 (base 12) in base 16?
-5
What is 1 (base 12) in base 14?
1
What is -14 (base 5) in base 12?
-9
Convert -3 (base 9) to base 16.
-3
-10 (base 16) to base 2
-10000
What is 3 (base 5) in base 12?
3
What is 3 (base 14) in base 11?
3
-11201 (base 4) to base 16
